
242
Let s(z) = 37*z**2 + 1926*z + 143. Give s(-52).
39
Let a(w) = -w**3 - 7*w**2 - 19*w - 152. Give a(-7).
-19
Let n(u) = -u**3 - 205*u**2 + 431*u + 3527. What is n(-207)?
8
Let r(x) = -x**3 - 16*x**2 - 26*x - 6. What is r(-8)?
-310
Let o(p) = 37*p**2 - 260*p + 24. Determine o(7).
17
Let z(q) = -4*q**2 - 137*q + 790. What is z(5)?
5
Let f(v) = -33*v - 250. What is f(14)?
-712
Let y(u) = 2*u**2 + 60*u + 121. Determine y(-29).
63
Let p(w) = 47*w + 4055. What is p(-87)?
-34
Let j(f) = -2*f**2 - 72*f - 138. Calculate j(-29).
268
Let d(y) = 39*y + 381. Determine d(-16).
-243
Let g(f) = -f**3 + 19*f**2 - 28*f - 72. Determine g(17).
30
Let s(f) = -f**3 - 38*f**2 - 342*f + 7. Calculate s(-19).
-354
Let z(r) = -r**3 - 43*r**2 - 84*r - 86. Give z(-41).
-4
Let d(i) = -10*i**2 + 69*i - 112. Calculate d(7).
-119
Let j(h) = 3*h**2 - 56*h - 215. What is j(29)?
684
Let x(j) = -3*j**2 + 175*j + 349. Determine x(-2).
-13
Let r(l) = -2*l**3 + 142*l**2 - 276*l - 71. Give r(69).
-71
Let b(i) = -159*i**2 - 3487*i + 236. Give b(-22).
-6
Let l(r) = -r**3 - 33*r**2 - 148*r - 2615. Calculate l(-31).
51
Let q(g) = -3*g**3 - 40*g**2 - 93*g + 59. Give q(-10).
-11
Let x(r) = 83*r + 34. Give x(-1).
-49
Let g(m) = 4*m**3 - 29*m**2 + 54*m - 333. Give g(7).
-4
Let j(n) = 2*n**3 - 7*n**2 + 735*n - 2950. Determine j(4).
6
Let b(d) = -d**3 + 6*d**2 - 17*d - 6. Determine b(6).
-108
Let g(f) = 2*f**3 + 231*f**2 - 91*f + 2894. Give g(-116).
-6
Let q(h) = 6*h**3 + h**2 + 19*h + 19. Calculate q(-1).
-5
Let p(w) = 3*w**3 - 191*w**2 - 66*w + 81. What is p(64)?
-47
Let f(x) = x**2 + 10*x - 316. Give f(14).
20
Let w(o) = -332*o + 91638. What is w(276)?
6
Let o(x) = -67*x**2 + 7101*x + 109. What is o(106)?
3
Let t(u) = -37*u + 92. Give t(2).
18
Let f(r) = r**2 - 21*r + 102. Calculate f(12).
-6
Let l(x) = -x**2 + 20*x - 4. Determine l(2).
32
Let o(k) = k**2 - 10*k - 8. Give o(0).
-8
Let l(o) = -388*o - 5431. What is l(-14)?
1
Let d(l) = -l**3 - 10*l**2 - 14*l + 25. Calculate d(-5).
-30
Let o(p) = 13*p**3 - 689*p**2 + 13*p - 703. What is o(53)?
-14
Let m(c) = -c**3 - 32*c**2 - 34*c - 57. Calculate m(-31).
36
Let c(b) = -9*b - 13. Calculate c(-3).
14
Let k(f) = -24*f + 1111. Calculate k(45).
31
Let g(h) = 3382*h + 40580. Determine g(-12).
-4
Let z(w) = -w**3 + 35*w**2 - 42*w + 87. Calculate z(34).
-185
Let u(k) = -8*k**2 - 15*k - 18. What is u(-2)?
-20
Let q(s) = -3*s**3 - 54*s**2 + 57*s + 14. What is q(-19)?
14
Let m(d) = 2*d**3 - 311*d**2 - 168*d + 1860. Give m(156).
-12
Let x(v) = 48*v + 24. Determine x(-3).
-120
Let o(q) = -q**3 + 6*q**2 - 6*q - 10. Determine o(2).
-6
Let z(s) = 549*s + 4390. Determine z(-8).
-2
Let o(j) = 79*j + 59. Give o(-2).
-99
Let h(p) = -p**3 + 58*p**2 - 177*p + 105. Calculate h(55).
-555
Let k(w) = -59*w - 721. Give k(-12).
-13
Let z(c) = -4*c**3 - 529*c**2 - 131*c + 79. Give z(-132).
-53
Let k(i) = -2*i**3 + 59*i**2 + 31*i - 8. What is k(30)?
22
Let a(k) = k**3 + k**2 - 16*k - 221. Give a(0).
-221
Let z(n) = -n**2 - 9*n + 32. Give z(-14).
-38
Let b(x) = -4*x**2 + 63*x + 729. Give b(-8).
-31
Let b(z) = 50*z - 58. Determine b(5).
192
Let k(r) = 14*r - 125. What is k(7)?
-27
Let t(y) = y**3 + 14*y**2 + 17*y + 2. Determine t(-13).
-50
Let i(u) = -6*u**2 + 3*u + 6. Calculate i(2).
-12
Let b(s) = -83*s + 496. What is b(6)?
-2
Let d(f) = 4*f**3 - 458*f**2 - 213*f - 1970. Give d(115).
-15
Let x(j) = j**3 + 178*j**2 - 167*j + 2111. What is x(-179)?
-37
Let n(b) = 12*b**2 - 1304*b - 328. Give n(109).
108
Let i(t) = -t**3 - 55*t**2 - 5*t - 173. Determine i(-55).
102
Let w(s) = -s**3 - 30*s**2 - 49*s + 203. What is w(-28)?
7
Let n(l) = -95*l - 10828. Give n(-114).
2
Let a(t) = -47*t**3 + 5*t**2 + 196*t + 194. Calculate a(-1).
50
Let m(u) = -105*u + 3446. Calculate m(32).
86
Let b(q) = 267*q + 8. Determine b(1).
275
Let a(n) = n**3 + 7*n**2 - 203*n - 32. Determine a(-18).
58
Let a(h) = 33*h - 1927. Calculate a(58).
-13
Let n(j) = 65*j - 3246. Determine n(50).
4
Let t(s) = s**2 + 86*s + 1273. Give t(-19).
0
Let r(v) = v**3 - 7*v**2 - 9*v + 17. Determine r(6).
-73
Let o(p) = -75*p + 7. Calculate o(-13).
982
Let k(o) = 5*o**3 - 16*o**2 - 27*o + 4. Determine k(-2).
-46
Let y(u) = -u**3 - 24*u**2 + 39*u - 8. What is y(-26)?
330
Let w(v) = -v**3 - 60*v**2 - 614*v + 4. Determine w(-13).
43
Let d(n) = -14*n + 76. Give d(4).
20
Let w(k) = 3*k**3 + 11*k**2 - 10*k - 62. What is w(-4)?
-38
Let a(i) = 124*i + 516. Determine a(-2).
268
Let i(p) = 171*p - 1019. What is i(6)?
7
Let q(o) = -1009*o + 1969. What is q(2)?
-49
Let r(a) = -11*a**2 + 74*a - 92. Determine r(5).
3
Let o(u) = -u**2 + 40*u + 2629. Determine o(75).
4
Let k(t) = t**2 + 856*t - 29. What is k(0)?
-29
Let g(x) = x**3 + 7*x**2 + 28*x + 82. Give g(-5).
-8
Let m(w) = 4*w**3 + 23*w**2 + 47*w + 181. Determine m(-5).
21
Let b(k) = k**2 + 159*k - 9936. Give b(48).
0
Let r(l) = -11*l**2 + 11*l - 8. Calculate r(5).
-228
Let f(h) = -6*h**2 + 108*h + 359. Determine f(21).
-19
Let f(c) = -38*c**2 - 975*c + 324. What is f(-26)?
-14
Let z(h) = -h**3 - 8*h**2 + 15*h + 42. What is z(-9)?
-12
Let n(u) = 81*u - 6886. Determine n(85).
-1
Let x(t) = 4*t**3 + 30*t**2 - 19*t - 28. What is x(-8)?
-4
Let v(h) = h**3 + h**2 - 20*h + 8. What is v(5)?
58
Let t(p) = 40*p - 98. Give t(3).
22
Let y(l) = 67*l**2 - 88*l - 90. Calculate y(-1).
65
Let o(w) = -46*w - 26. Give o(-5).
204
Let i(g) = 3*g**2 - 20*g + 59. Give i(11).
202
Let v(b) = -4*b**2 - 232*b - 234. Determine v(-57).
-6
Let p(i) = -2*i**2 + 39*i. Calculate p(19).
19
Let j(c) = -c**2 + 26*c + 57. Calculate j(30).
-63
Let d(h) = h**3 + 12*h**2 - 44*h - 69. Determine d(-16).
-389
Let v(o) = 3*o + 114. Determine v(45).
249
Let y(t) = t**2 - 4*t - 161. Give y(-12).
31
Let h(t) = t**3 - 8*t**2 - 11*t + 99. Calculate h(9).
81
Let q(h) = h**3 + 13*h**2 - 586*h - 5016. Determine q(-8).
-8
Let w(h) = 2*h**2 + 167*h - 2097. What is w(11)?
-18
Let a(s) = 9450*s + 18886. Calculate a(-2).
-14
Let t(v) = -397*v + 54756. Determine t(138).
-30
Let o(b) = 15*b**2 - 38*b - 4. What is o(5)?
181
Let p(a) = 4*a**3 + 3*a**2 - 55*a + 54. Determine p(1).
6
Let f(g) = -36456*g + 255185. Give f(7).
-7
Let y(i) = -5*i + 81. Give y(9).
36
Let d(c) = 10*c**2 - 59*c - 233. Give d(-3).
34
Let l(p) = 8*p**2 - 2*p - 20. Calculate l(0).
-20
Let m(f) = -2*f**2 - 97*f - 590. What is m(-7)?
-9
Let y(b) = 15*b**2 + 74*b - 13. Give y(-4).
-69
Let c(d) = 18*d**3 + 5*d**2 + 5*d + 2. What is c(-2)?
-132
Let n(z) = -3*z + 145. What is n(13)?
106
Let h(n) = 524*n**2 - 3670*n - 23. Calculate h(7).
-37
Let w(m) = 2*m**3 - 108*m**2 + 106*m - 6. What is w(53)?
-6
Let p(t) = -2*t**3 + 7*t**2 + 26*t - 88. Determine p(5).
-33
Let y(n) = 89*n**3 + 3*n**2 - 22*n + 38. Give y(2).
718
Let m(f) = -264*f**2 - 1849*f - 4. Calculate m(-7).
3
Let h(g) = -g**3 - 5*g**2 - 8*g - 38. Determine h(-5).
2
Let t(j) = j**2 + 1390*j + 10. Determine t(0).
10
Let m(v) = -v**2 - 37*v + 83. Calculate m(-52).
-697
Let k(n) = n**3 + 24*n**2 - 41*n + 245. What is k(-26)?
-41
Let l(g) = -g**2 + 9*g + 316. Calculate l(24).
-44
Let z(u) = u**2 - 24*u - 107. What is z(28)?
5
Let v(k) = 154*k + 864. What is v(-6)?
-60
Let j(x) = x**3 - 9*x**2 - 271*x - 10. What is j(-13)?
-205
Let b(s) = -62*s**2 - 987*s - 19. Calculate b(-16).
-99
Let b(c) = 2134*c + 12798. What is b(-6)?
-6
Let m(c) = -c**3 - 17*c**2 - 11*c - 926. Calculate m(-19).
5
Let h(m) = 18*m - 123. Determine h(-6).
-231
Let z(b) = 382*b - 5357. Give z(14).
-9
Let t(g) = -2*g**2 - 35*g + 1280. What is t(18)?
2
Let g(c) = -c**3 + 5*c**2 + 42*c + 55. Determine g(10).
-25
Let s(z) = z**3 - 36*z**2 + 89*z - 2958. Give s(36).
246
Let c(v) = -v**3 + 12*v**2 - 43*v + 54. Determine c(3).
6
Let s(z) = -1084*z + 56364. What is s(52)?
-4
Let h(c) = -c**2 + 15*c + 94. Give h(-5).
-6
Let s(p) = -p**3 - 12*p**2 - 10*p - 6. Determine s(-10).
-106
Let o(f) = -8*f - 21. Determine o(13).
-125
Let h(p) = -p**3 - 118*p**2 - 346*p - 176. What is h(-115)?
-61
Let u(b) = 4*b**2 - 118*b + 42. Determine u(28).
-126
Let f(x) = x**3 + 25*x**2 - 300*x - 49. Determine f(9).
5
Let k(j) = 3*j**3 + 416*j**2 + 399*j - 17. Give k(-1).
-3
Let y(w) = -70*w**2 + 10*w + 11. Calculate y(-1).
-69
Let s(d) = -4*d**2 - 108*d + 48. Determine s(-30).
-312
Let u(x) = 332*x - 3326. What is u(10)?
-6
Let n(g) = 44*g**3 - 222*g**2 + 29*g - 96. Determine n